se 2?
1011000010
300 (base 15) to base 11
564
Convert -828 (base 12) to base 14.
-608
What is 1b443 (base 13) in base 11?
3718a
-4c27 (base 15) to base 2
-11111101101101
-88c6 (base 14) to base 13
-aa28
-6d91 (base 15) to base 14
-86d1
110623 (base 7) to base 4
10300333
Convert -50ac (base 15) to base 5.
-1021122
Convert 3913 (base 10) to base 13.
1a20
What is 140b (base 14) in base 15?
10ae
Convert 33b (base 15) to base 3.
1000002
What is 6af (base 16) in base 13?
a18
What is 2302421 (base 5) in base 2?
1010000000011010
Convert a12 (base 13) to base 6.
11521
Convert 321021 (base 4) to base 2.
111001001001
What is 249 (base 13) in base 2?
110001111
Convert 2021 (base 3) to base 6.
141
What is 52435 (base 7) in base 11?
977a
Convert 2074 (base 12) to base 4.
313120
b75 (base 12) to base 8
3211
48286 (base 10) to base 16
bc9e
2101111 (base 4) to base 10
9301
Convert 13 (base 7) to base 3.
101
-302323 (base 6) to base 15
-7123
Convert -233211 (base 4) to base 12.
-1919
What is 6615 (base 12) in base 15?
34ee
What is 2a6 (base 14) in base 10?
538
222011202 (base 3) to base 15
59c2
What is -521 (base 9) in base 14?
-224
What is -1259 (base 16) in base 2?
-1001001011001
1994 (base 11) to base 16
9db
221002 (base 3) to base 15
302
What is 210200 (base 3) in base 8?
1111
What is 568 (base 10) in base 5?
4233
Convert 19452 (base 13) to base 6.
1015113
Convert 101064 (base 8) to base 5.
2031312
5a20 (base 11) to base 14
2c35
843 (base 10) to base 15
3b3
Convert 21 (base 13) to base 9.
30
Convert -563 (base 10) to base 3.
-202212
2614 (base 9) to base 2
11110100101
Convert -3535 (base 6) to base 12.
-5ab
-4720 (base 11) to base 8
-14061
What is 111001001100 (base 2) in base 8?
7114
Convert fda (base 16) to base 7.
14555
Convert -10033220 (base 4) to base 8.
-41750
Convert -5363 (base 9) to base 7.
-14334
What is -121010 (base 3) in base 9?
-533
What is 125 (base 6) in base 16?
35
Convert -512 (base 9) to base 6.
-1532
What is -11000010001 (base 2) in base 11?
-1192
What is -1101101110 (base 2) in base 7?
-2363
227 (base 8) to base 13
b8
Convert 202100221 (base 3) to base 5.
433343
Convert 1685 (base 11) to base 8.
4146
Convert -14521 (base 6) to base 2.
-100100110001
Convert 7b63 (base 14) to base 2.
101001111001011
Convert 443 (base 8) to base 9.
353
What is 2124 (base 10) in base 2?
100001001100
What is -64614 (base 7) in base 8?
-37323
551415 (base 6) to base 2
1011001010100011
Convert -31002 (base 4) to base 10.
-834
137034 (base 8) to base 15
e648
What is -213133 (base 5) in base 10?
-7293
-1e02 (base 15) to base 4
-1211333
-3a8 (base 14) to base 13
-448
-a9 (base 14) to base 12
-105
Convert -8a19 (base 12) to base 6.
-154433
Convert 3529 (base 10) to base 5.
103104
-203 (base 5) to base 8
-65
Convert -180 (base 11) to base 14.
-10d
What is 515 (base 8) in base 15?
173
What is 266 (base 9) in base 2?
11011110
2be (base 16) to base 11
589
-104232 (base 6) to base 12
-5078
Convert 1302 (base 4) to base 15.
79
139d (base 14) to base 15
1066
-10885 (base 14) to base 12
-1b259
-1d62 (base 14) to base 9
-7335
What is -659 (base 10) in base 4?
-22103
Convert 1110111001 (base 2) to base 8.
1671
-6 (base 13) to base 16
-6
Convert 71c (base 14) to base 5.
21043
Convert -354 (base 7) to base 10.
-186
-213334 (base 5) to base 13
-345c
9085 (base 14) to base 15
7543
What is -10260 (base 9) in base 15?
-201c
504 (base 10) to base 7
1320
1634 (base 11) to base 9
2776
What is -42502 (base 8) in base 14?
-6666
Convert -13230 (base 13) to base 5.
-2114104
What is 210210 (base 3) in base 16?
24c
2400 (base 5) to base 2
101011110
What is 63203 (base 7) in base 12?
8ba8
-3356 (base 8) to base 11
-1373
Convert b91 (base 16) to base 12.
1869
What is -1101100011 (base 2) in base 12?
-603
Convert -26337 (base 8) to base 16.
-2cdf
Convert 13033102 (base 4) to base 8.
71722
31b (base 12) to base 3
121212
What is -141 (base 16) in base 9?
-386
What is 2000211 (base 3) in base 9?
2024
-7866 (base 11) to base 10
-10357
Convert 35350 (base 9) to base 4.
11301000
Convert -2155 (base 9) to base 16.
-635
Convert -181 (base 12) to base 5.
-1431
-40055 (base 6) to base 3
-21011022
43 (base 16) to base 3
2111
ab3 (base 14) to base 11
1655
What is -1122 (base 3) in base 9?
-48
Convert -1111000001011 (base 2) to base 4.
-1320023
What is 1d1 (base 14) in base 5?
3004
Convert 440 (base 14) to base 2.
1101001000
-551 (base 12) to base 5
-11111
-355132 (base 6) to base 2
-111100011100000
What is -111101100 (base 2) in base 6?
-2140
Convert -1010111111101 (base 2) to base 13.
-2740
Convert -2655 (base 16) to base 5.
-303223
What is 331b (base 12) in base 2?
1011000000111
105b8 (base 12) to base 15
65eb
What is -95fb (base 16) in base 11?
-26935
What is -1324 (base 6) in base 9?
-417
What is -332555 (base 7) in base 10?
-58595
What is 205524 (base 6) in base 14?
61c0
What is 6672 (base 9) in base 11?
3778
Convert 1000110011 (base 2) to base 5.
4223
What is -21806 (base 14) in base 5?
-10044100
-588 (base 9) to base 3
-122222
cb (base 15) to base 9
232
What is -604 (base 10) in base 2?
-1001011100
Convert -1033 (base 7) to base 5.
-2432
Convert 426 (base 16) to base 10.
1062
Convert -1332232 (base 4) to base 15.
-260a
What is -2252 (base 7) in base 10?
-821
10224 (base 5) to base 3
221112
Convert 680 (base 12) to base 16.
3c0
What is -13b (base 12) in base 16?
-bf
255 (base 8) to base 16
ad
What is 133 (base 16) in base 10?
307
Convert 111001101101010 (base 2) to base 7.
152066
-1050 (base 10) to base 6
-4510
Convert 122110101 (base 3) to base 13.
5a40
What is 112031 (base 4) in base 2?
10110001101
What is 3204 (base 10) in base 13?
15c6
134611 (base 7) to base 13
b8c9
Convert -a1 (base 11) to base 9.
-133
Convert -926 (base 13) to base 2.
-11000010001
Convert 112735 (base 9) to base 16.
10853
eb0 (base 15) to base 2
110011110011
Convert 163 (base 9) to base 15.
93
2269 (base 10) to base 5
33034
-140125 (base 6) to base 16
-32d5
-15ab (base 12) to base 4
-220103
Convert -101111001 (base 2) to base 11.
-313
What is -331352 (base 7) in base 9?
-87682
1426 (base 16) to base 9
7061
Convert -3052 (base 7) to base 5.
-13231
What is 1231131 (base 4) in base 8?
15535
What is -381 (base 9) in base 3?
-102201
Convert -13503 (base 10) to base 9.
-20463
What is -11610 (base 7) in base 8?
-5745
Convert -32 (base 8) to base 14.
-1c
What is 5422 (base 7) in base 4?
132013
What is 533350 (base 6) in base 11?
2a7a5
What is 1031103 (base 6) in base 11?
35191
Convert 1010111001 (base 2) to base 12.
4a1
-11331 (base 4) to base 5
-3011
4203 (base 7) to base 3
2000120
Convert 86 (base 11) to base 9.
114
-4bd5 (base 15) to base 2
-11111100101111
-18457 (base 11) to base 14
-95b5
Convert 3341 (base 5) to base 11.
399
Convert 12101 (base 3) to base 10.
145
Convert -1112121 (base 3) to base 8.
-2143
Convert -45743 (base 8) to base 4.
-10233203
Convert -32223 (base 5) to base 13.
-cc4
Convert 53737 (base 8) to base 3.
1010212011
Convert -201000 (base 3) to base 16.
-201
What is -40103 (base 5) in base 16?
-9e0
Convert 1292 (base 13) to base 5.
41104
What is 3b3 (base 13) in base 2?
1010001101
-1133 (base 7) to base 5
-3131
What is -3012 (base 9) in base 12?
-1332
Convert -14209 (base 16) to base 12.
-3b861
-113240 (base 5) to base 14
-1759
What is -10b4 (base 16) in base 9?
-5771
What is -1222222 (base 3) in base 2?
-10110110001
What is 3274 (base 8) in base 6?
11552
What is -500 (base 14) in base 16?
-3d4
-606 (base 8) to base 14
-1dc
Convert -250343 (base 7) to base 6.
-552005
What is -19634 (base 11) in base 6?
-330435
Convert -762 (base 9) to base 14.
-327
20115 (base 6) to base 7
10460
-5166 (base 9) to base 8
-7312
What is 31152 (base 10) in base 11?
21450
Convert 123045 (base 6) to base 11.
8331
What is -83b5 (base 12) in base 13?
-6722
What is c77 (base 15) in base 14?
104c
What is -1022121 (base 3) in base 6?
-4241
Convert 11333 (base 4) to base 3.
112012
What is -18e2 (base 15) in base 10?
-5387
What is -10100101000000 (base 2) in base 11?
-7a30
2323 (base 4) to base 5
1222
Convert -11123 (base 5) to base 14.
-404
-20202 (base 3) to base 10
-182
Convert -84c7 (base 13) to base 3.
-221021001
484 (base 10) to base 3
122221
34072 (base 9) to base 2
101100010001000
What is 1000b (base 13) in base 11?
1a515
-63